{"id":8048,"date":"2021-09-29T11:00:19","date_gmt":"2021-09-29T09:00:19","guid":{"rendered":"http:\/\/sainte-bernadette.be\/wp\/?page_id=8048"},"modified":"2023-09-07T11:47:45","modified_gmt":"2023-09-07T09:47:45","slug":"ephemerides-2021-2022","status":"publish","type":"page","link":"http:\/\/sainte-bernadette.be\/wp\/documents-2\/ephemerides-2021-2022\/","title":{"rendered":"Eph\u00e9m\u00e9rides 2023-2024"},"content":{"rendered":"\n<p>Veuillez trouver ci-dessous les \u00e9ph\u00e9m\u00e9rides connues en date du 7 septembre 2023.<\/p>\n\n\n\n<p>Si des changements \u00e9ventuels devaient intervenir entretemps, ils seront notifi\u00e9s soit dans le journal de classe ou le cahier de communication des enfants, soit ici m\u00eame, soit encore sur la page FaceBook officielle de l&rsquo;\u00e9cole. (https:\/\/www.facebook.com\/esbblaofficiel\/)<\/p>\n\n\n\n<figure class=\"wp-block-image\"><img data-recalc-dims=\"1\" loading=\"lazy\" decoding=\"async\" width=\"1024\" height=\"724\" data-attachment-id=\"8326\" data-permalink=\"http:\/\/sainte-bernadette.be\/wp\/documents-2\/ephemerides-2021-2022\/calendrier-2023-2024-parents\/\" data-orig-file=\"https:\/\/i0.wp.com\/sainte-bernadette.be\/wp\/wp-content\/uploads\/2023\/09\/calendrier-2023-2024-parents.jpg?fit=2338%2C1653\" data-orig-size=\"2338,1653\" data-comments-opened=\"0\" data-image-meta=\"{&quot;aperture&quot;:&quot;0&quot;,&quot;credit&quot;:&quot;&quot;,&quot;camera&quot;:&quot;&quot;,&quot;caption&quot;:&quot;&quot;,&quot;created_timestamp&quot;:&quot;0&quot;,&quot;copyright&quot;:&quot;&quot;,&quot;focal_length&quot;:&quot;0&quot;,&quot;iso&quot;:&quot;0&quot;,&quot;shutter_speed&quot;:&quot;0&quot;,&quot;title&quot;:&quot;&quot;,&quot;orientation&quot;:&quot;0&quot;}\" data-image-title=\"calendrier 2023 2024 parents\" data-image-description=\"\" data-image-caption=\"\" data-large-file=\"https:\/\/i0.wp.com\/sainte-bernadette.be\/wp\/wp-content\/uploads\/2023\/09\/calendrier-2023-2024-parents.jpg?fit=1024%2C724\" src=\"https:\/\/i0.wp.com\/sainte-bernadette.be\/wp\/wp-content\/uploads\/2023\/09\/calendrier-2023-2024-parents.jpg?resize=1024%2C724\" alt=\"\" class=\"wp-image-8326\" srcset=\"https:\/\/i0.wp.com\/sainte-bernadette.be\/wp\/wp-content\/uploads\/2023\/09\/calendrier-2023-2024-parents.jpg?resize=1024%2C724 1024w, https:\/\/i0.wp.com\/sainte-bernadette.be\/wp\/wp-content\/uploads\/2023\/09\/calendrier-2023-2024-parents.jpg?resize=300%2C212 300w, https:\/\/i0.wp.com\/sainte-bernadette.be\/wp\/wp-content\/uploads\/2023\/09\/calendrier-2023-2024-parents.jpg?resize=768%2C543 768w, https:\/\/i0.wp.com\/sainte-bernadette.be\/wp\/wp-content\/uploads\/2023\/09\/calendrier-2023-2024-parents.jpg?resize=150%2C106 150w, https:\/\/i0.wp.com\/sainte-bernadette.be\/wp\/wp-content\/uploads\/2023\/09\/calendrier-2023-2024-parents.jpg?resize=212%2C150 212w, https:\/\/i0.wp.com\/sainte-bernadette.be\/wp\/wp-content\/uploads\/2023\/09\/calendrier-2023-2024-parents.jpg?w=2000 2000w\" sizes=\"auto, (max-width: 1000px) 100vw, 1000px\" \/><\/figure>\n","protected":false},"excerpt":{"rendered":"<p>Veuillez trouver ci-dessous les \u00e9ph\u00e9m\u00e9rides connues en date du 7 septembre 2023. Si des changements \u00e9ventuels devaient intervenir entretemps, ils seront notifi\u00e9s soit dans le journal de classe ou le cahier de communication des enfants, soit ici m\u00eame, soit encore sur la page FaceBook officielle de l&rsquo;\u00e9cole. (https:\/\/www.facebook.com\/esbblaofficiel\/)<\/p>\n","protected":false},"author":2,"featured_media":0,"parent":483,"menu_order":0,"comment_status":"closed","ping_status":"closed","template":"","meta":{"jetpack_post_was_ever_published":false,"footnotes":""},"class_list":["post-8048","page","type-page","status-publish","hentry"],"jetpack_sharing_enabled":true,"jetpack_shortlink":"https:\/\/wp.me\/P8JcyU-25O","jetpack-related-posts":[{"id":4069,"url":"http:\/\/sainte-bernadette.be\/wp\/documents-2\/repas-chauds\/","url_meta":{"origin":8048,"position":0},"title":"Repas chauds","author":"Beno\u00eet Weber","date":"2 septembre 2018","format":false,"excerpt":"Vous retrouverez chaque mois ci-dessous le menu des repas chauds. Celui-ci est le m\u00eame pour les deux \u00e9coles.","rel":"","context":"Article similaire","block_context":{"text":"Article similaire","link":""},"img":{"alt_text":"","src":"https:\/\/i0.wp.com\/sainte-bernadette.be\/wp\/wp-content\/uploads\/2025\/09\/Octobre-25.jpg?resize=350%2C200","width":350,"height":200,"srcset":"https:\/\/i0.wp.com\/sainte-bernadette.be\/wp\/wp-content\/uploads\/2025\/09\/Octobre-25.jpg?resize=350%2C200 1x, https:\/\/i0.wp.com\/sainte-bernadette.be\/wp\/wp-content\/uploads\/2025\/09\/Octobre-25.jpg?resize=525%2C300 1.5x, https:\/\/i0.wp.com\/sainte-bernadette.be\/wp\/wp-content\/uploads\/2025\/09\/Octobre-25.jpg?resize=700%2C400 2x, https:\/\/i0.wp.com\/sainte-bernadette.be\/wp\/wp-content\/uploads\/2025\/09\/Octobre-25.jpg?resize=1050%2C600 3x, https:\/\/i0.wp.com\/sainte-bernadette.be\/wp\/wp-content\/uploads\/2025\/09\/Octobre-25.jpg?resize=1400%2C800 4x"},"classes":[]},{"id":160,"url":"http:\/\/sainte-bernadette.be\/wp\/documents\/ecole-sainte-bernasette\/historique-de-lecole-sainte-bernadette\/","url_meta":{"origin":8048,"position":1},"title":"Historique de l\u2019Ecole Sainte-Bernadette","author":"Arnaud","date":"15 juin 2017","format":false,"excerpt":"1959 (1er juin)\u00a0: le vicaire g\u00e9n\u00e9ral Janssens, suite \u00e0 l'intervention efficace du chapelain, Pierre Oudewater, de la paroisse Saint-S\u00e9bastien donne son accord pour l'achat d'une villa am\u00e9nag\u00e9e en petite ferme et entour\u00e9e d'un vaste terrain au 203, avenue Alphonse Allard par l'ASBL Oeuvres du Doyenn\u00e9. Avec l'accord de la m\u00e8re\u2026","rel":"","context":"Article similaire","block_context":{"text":"Article similaire","link":""},"img":{"alt_text":"","src":"https:\/\/i0.wp.com\/sainte-bernadette.be\/wp\/wp-content\/uploads\/2017\/06\/Estber_3-300x200.jpg?resize=350%2C200","width":350,"height":200,"srcset":"https:\/\/i0.wp.com\/sainte-bernadette.be\/wp\/wp-content\/uploads\/2017\/06\/Estber_3-300x200.jpg?resize=350%2C200 1x, https:\/\/i0.wp.com\/sainte-bernadette.be\/wp\/wp-content\/uploads\/2017\/06\/Estber_3-300x200.jpg?resize=525%2C300 1.5x"},"classes":[]},{"id":535,"url":"http:\/\/sainte-bernadette.be\/wp\/documents-2\/motif-dabsence-pour-les-primaires\/","url_meta":{"origin":8048,"position":2},"title":"Motif d&rsquo;absence","author":"Beno\u00eet Weber","date":"12 septembre 2017","format":false,"excerpt":"Voici le formulaire\u00a0(cliquer) \u00e0 remplir lorsque votre enfant est absent. Pour rappel, d\u00e8s le troisi\u00e8me jour d'absence, l'enfant en obligation scolaire\u00a0doit \u00eatre couvert par un certificat m\u00e9dical !","rel":"","context":"Article similaire","block_context":{"text":"Article similaire","link":""},"img":{"alt_text":"","src":"https:\/\/i0.wp.com\/sainte-bernadette.be\/wp\/wp-content\/uploads\/2025\/04\/Nouveau-Motif-Absences-2024-2025.jpg?resize=350%2C200","width":350,"height":200,"srcset":"https:\/\/i0.wp.com\/sainte-bernadette.be\/wp\/wp-content\/uploads\/2025\/04\/Nouveau-Motif-Absences-2024-2025.jpg?resize=350%2C200 1x, https:\/\/i0.wp.com\/sainte-bernadette.be\/wp\/wp-content\/uploads\/2025\/04\/Nouveau-Motif-Absences-2024-2025.jpg?resize=525%2C300 1.5x, https:\/\/i0.wp.com\/sainte-bernadette.be\/wp\/wp-content\/uploads\/2025\/04\/Nouveau-Motif-Absences-2024-2025.jpg?resize=700%2C400 2x, https:\/\/i0.wp.com\/sainte-bernadette.be\/wp\/wp-content\/uploads\/2025\/04\/Nouveau-Motif-Absences-2024-2025.jpg?resize=1050%2C600 3x, https:\/\/i0.wp.com\/sainte-bernadette.be\/wp\/wp-content\/uploads\/2025\/04\/Nouveau-Motif-Absences-2024-2025.jpg?resize=1400%2C800 4x"},"classes":[]},{"id":7963,"url":"http:\/\/sainte-bernadette.be\/wp\/extrascolaire\/","url_meta":{"origin":8048,"position":3},"title":"Extrascolaire","author":"Beno\u00eet Weber","date":"10 octobre 2020","format":false,"excerpt":"Retrouvez ici toutes les informations concernant les activit\u00e9s parascolaires organis\u00e9es d\u00e8s 15h30 \u00e0 l'\u00e9cole par l'\u00e9quipe \u00e9ducative. ____________________________________________________________ ____________________________________________________________ \u00a0 Retrouvez ici toutes les informations concernant Le CFS.","rel":"","context":"Article similaire","block_context":{"text":"Article similaire","link":""},"img":{"alt_text":"","src":"https:\/\/i0.wp.com\/sainte-bernadette.be\/wp\/wp-content\/uploads\/2025\/04\/logo.png?resize=350%2C200","width":350,"height":200,"srcset":"https:\/\/i0.wp.com\/sainte-bernadette.be\/wp\/wp-content\/uploads\/2025\/04\/logo.png?resize=350%2C200 1x, https:\/\/i0.wp.com\/sainte-bernadette.be\/wp\/wp-content\/uploads\/2025\/04\/logo.png?resize=525%2C300 1.5x, https:\/\/i0.wp.com\/sainte-bernadette.be\/wp\/wp-content\/uploads\/2025\/04\/logo.png?resize=700%2C400 2x"},"classes":[]},{"id":8695,"url":"http:\/\/sainte-bernadette.be\/wp\/le-cfs\/","url_meta":{"origin":8048,"position":4},"title":"Le CFS","author":"Beno\u00eet Weber","date":"8 septembre 2025","format":false,"excerpt":"Depuis janvier 2025, toutes les garderies (matin, midi et apr\u00e8s-midi) sont prises en charge par l\u2019ASBL Le CFS. En cas de probl\u00e8me ou pour toute remarque, veuillez vous adresser directement aupr\u00e8s de leurs services. Merci de votre compr\u00e9hension. Voici les contacts de la personne responsable du CFS pour notre \u00e9cole\u2026","rel":"","context":"Article similaire","block_context":{"text":"Article similaire","link":""},"img":{"alt_text":"","src":"https:\/\/i0.wp.com\/sainte-bernadette.be\/wp\/wp-content\/uploads\/2025\/04\/logo.png?resize=350%2C200","width":350,"height":200,"srcset":"https:\/\/i0.wp.com\/sainte-bernadette.be\/wp\/wp-content\/uploads\/2025\/04\/logo.png?resize=350%2C200 1x, https:\/\/i0.wp.com\/sainte-bernadette.be\/wp\/wp-content\/uploads\/2025\/04\/logo.png?resize=525%2C300 1.5x, https:\/\/i0.wp.com\/sainte-bernadette.be\/wp\/wp-content\/uploads\/2025\/04\/logo.png?resize=700%2C400 2x"},"classes":[]},{"id":8159,"url":"http:\/\/sainte-bernadette.be\/wp\/contact\/formulaire-de-contact-direction-des-ecoles\/","url_meta":{"origin":8048,"position":5},"title":"Formulaire de contact &#8211; Direction des \u00e9coles","author":"Beno\u00eet Weber","date":"12 janvier 2022","format":false,"excerpt":"","rel":"","context":"Article similaire","block_context":{"text":"Article similaire","link":""},"img":{"alt_text":"","src":"https:\/\/i0.wp.com\/sainte-bernadette.be\/wp\/wp-content\/uploads\/2025\/03\/NEW-Logo-SB-PEP-2025-edited-1-1024x576.png?resize=350%2C200","width":350,"height":200,"srcset":"https:\/\/i0.wp.com\/sainte-bernadette.be\/wp\/wp-content\/uploads\/2025\/03\/NEW-Logo-SB-PEP-2025-edited-1-1024x576.png?resize=350%2C200 1x, https:\/\/i0.wp.com\/sainte-bernadette.be\/wp\/wp-content\/uploads\/2025\/03\/NEW-Logo-SB-PEP-2025-edited-1-1024x576.png?resize=525%2C300 1.5x, https:\/\/i0.wp.com\/sainte-bernadette.be\/wp\/wp-content\/uploads\/2025\/03\/NEW-Logo-SB-PEP-2025-edited-1-1024x576.png?resize=700%2C400 2x"},"classes":[]}],"_links":{"self":[{"href":"http:\/\/sainte-bernadette.be\/wp\/wp-json\/wp\/v2\/pages\/8048","targetHints":{"allow":["GET"]}}],"collection":[{"href":"http:\/\/sainte-bernadette.be\/wp\/wp-json\/wp\/v2\/pages"}],"about":[{"href":"http:\/\/sainte-bernadette.be\/wp\/wp-json\/wp\/v2\/types\/page"}],"author":[{"embeddable":true,"href":"http:\/\/sainte-bernadette.be\/wp\/wp-json\/wp\/v2\/users\/2"}],"replies":[{"embeddable":true,"href":"http:\/\/sainte-bernadette.be\/wp\/wp-json\/wp\/v2\/comments?post=8048"}],"version-history":[{"count":6,"href":"http:\/\/sainte-bernadette.be\/wp\/wp-json\/wp\/v2\/pages\/8048\/revisions"}],"predecessor-version":[{"id":8327,"href":"http:\/\/sainte-bernadette.be\/wp\/wp-json\/wp\/v2\/pages\/8048\/revisions\/8327"}],"up":[{"embeddable":true,"href":"http:\/\/sainte-bernadette.be\/wp\/wp-json\/wp\/v2\/pages\/483"}],"wp:attachment":[{"href":"http:\/\/sainte-bernadette.be\/wp\/wp-json\/wp\/v2\/media?parent=8048"}],"curies":[{"name":"wp","href":"https:\/\/api.w.org\/{rel}","templated":true}]}}

Ephémérides 2023-2024

<p>Veuillez trouver ci-dessous les éphémérides connues en date du 7 septembre 2023.</p>



<p>Si des changements éventuels devaient intervenir entretemps, ils seront notifiés soit dans le journal de classe ou le cahier de communication des enfants, soit ici même, soit encore sur la page FaceBook officielle de l&rsquo;école. (https://www.facebook.com/esbblaofficiel/)</p>



<figure class="wp-block-image"><img data-recalc-dims="1" loading="lazy" decoding="async" width="1024" height="724" data-attachment-id="8326" data-permalink="http://sainte-bernadette.be/wp/documents-2/ephemerides-2021-2022/calendrier-2023-2024-parents/" data-orig-file="https://i0.wp.com/sainte-bernadette.be/wp/wp-content/uploads/2023/09/calendrier-2023-2024-parents.jpg?fit=2338%2C1653" data-orig-size="2338,1653" data-comments-opened="0" data-image-meta="{&quot;aperture&quot;:&quot;0&quot;,&quot;credit&quot;:&quot;&quot;,&quot;camera&quot;:&quot;&quot;,&quot;caption&quot;:&quot;&quot;,&quot;created_timestamp&quot;:&quot;0&quot;,&quot;copyright&quot;:&quot;&quot;,&quot;focal_length&quot;:&quot;0&quot;,&quot;iso&quot;:&quot;0&quot;,&quot;shutter_speed&quot;:&quot;0&quot;,&quot;title&quot;:&quot;&quot;,&quot;orientation&quot;:&quot;0&quot;}" data-image-title="calendrier 2023 2024 parents" data-image-description="" data-image-caption="" data-large-file="https://i0.wp.com/sainte-bernadette.be/wp/wp-content/uploads/2023/09/calendrier-2023-2024-parents.jpg?fit=1024%2C724" src="https://i0.wp.com/sainte-bernadette.be/wp/wp-content/uploads/2023/09/calendrier-2023-2024-parents.jpg?resize=1024%2C724" alt="" class="wp-image-8326" srcset="https://i0.wp.com/sainte-bernadette.be/wp/wp-content/uploads/2023/09/calendrier-2023-2024-parents.jpg?resize=1024%2C724 1024w, https://i0.wp.com/sainte-bernadette.be/wp/wp-content/uploads/2023/09/calendrier-2023-2024-parents.jpg?resize=300%2C212 300w, https://i0.wp.com/sainte-bernadette.be/wp/wp-content/uploads/2023/09/calendrier-2023-2024-parents.jpg?resize=768%2C543 768w, https://i0.wp.com/sainte-bernadette.be/wp/wp-content/uploads/2023/09/calendrier-2023-2024-parents.jpg?resize=150%2C106 150w, https://i0.wp.com/sainte-bernadette.be/wp/wp-content/uploads/2023/09/calendrier-2023-2024-parents.jpg?resize=212%2C150 212w, https://i0.wp.com/sainte-bernadette.be/wp/wp-content/uploads/2023/09/calendrier-2023-2024-parents.jpg?w=2000 2000w" sizes="auto, (max-width: 1000px) 100vw, 1000px" /></figure>

<p>Veuillez trouver ci-dessous les éphémérides connues en date du 7 septembre 2023. Si des changements éventuels devaient intervenir entretemps, ils seront notifiés soit dans le journal de classe ou le cahier de communication des enfants, soit ici même, soit encore sur la page FaceBook officielle de l&rsquo;école. (https://www.facebook.com/esbblaofficiel/)</p>

Benoît Weber

Vous retrouverez chaque mois ci-dessous le menu des repas chauds. Celui-ci est le même pour les deux écoles.

1959 (1er juin) : le vicaire général Janssens, suite à l'intervention efficace du chapelain, Pierre Oudewater, de la paroisse Saint-Sébastien donne son accord pour l'achat d'une villa aménagée en petite ferme et entourée d'un vaste terrain au 203, avenue Alphonse Allard par l'ASBL Oeuvres du Doyenné. Avec l'accord de la mère…

Voici le formulaire (cliquer) à remplir lorsque votre enfant est absent. Pour rappel, dès le troisième jour d'absence, l'enfant en obligation scolaire doit être couvert par un certificat médical !

Retrouvez ici toutes les informations concernant les activités parascolaires organisées dès 15h30 à l'école par l'équipe éducative. ____________________________________________________________ ____________________________________________________________   Retrouvez ici toutes les informations concernant Le CFS.

Depuis janvier 2025, toutes les garderies (matin, midi et après-midi) sont prises en charge par l’ASBL Le CFS. En cas de problème ou pour toute remarque, veuillez vous adresser directement auprès de leurs services. Merci de votre compréhension. Voici les contacts de la personne responsable du CFS pour notre école…

Formulaire de contact &#8211; Direction des écoles
